{"id":483,"date":"2022-02-17T11:09:37","date_gmt":"2022-02-17T10:09:37","guid":{"rendered":"https:\/\/coaching-loic.com\/?page_id=483"},"modified":"2022-02-17T11:09:38","modified_gmt":"2022-02-17T10:09:38","slug":"mentions-legales","status":"publish","type":"page","link":"https:\/\/coaching-loic.com\/index.php\/mentions-legales\/","title":{"rendered":"MENTIONS LEGALES"},"content":{"rendered":"\n<p><strong>\u00c9diteur<\/strong><\/p>\n\n\n\n<ul><li>\u00c9diteur : SCALEVISION<\/li><li>Siret\u00a0: 89935519200019<\/li><li>immatriculation au registre du commerce et des soci\u00e9t\u00e9s<\/li><li>Si\u00e8ge social :\u00a069006 Lyon FRANCE<\/li><li>Directeur de la publication : Loic lavandier <\/li><li>H\u00e9bergeur : OVH \u2013 2 rue Kellermann \u2013 59100 Roubaix \u2013 France<\/li><\/ul>\n\n\n\n<p><strong>Mentions l\u00e9gales<br><\/strong>Le pr\u00e9sent document constitue les conditions g\u00e9n\u00e9rales d\u2019utilisation du site accessible sous l\u2019adresse \u00ab\u00a0https:\/\/www.coaching-loic.com\u00a0\u00bb (ci-apr\u00e8s d\u00e9nomm\u00e9 le \u00ab Site \u00bb). Site d\u00e9velopp\u00e9 sous\u00a0WordPress. En acc\u00e9dant ou en utilisant ce Site, vous \u00eates r\u00e9put\u00e9 accepter ces conditions g\u00e9n\u00e9rales et nous nous r\u00e9servons le droit de refuser l\u2019acc\u00e8s \u00e0 tout ou partie du Site \u00e0 tout utilisateur qui ne les respecterait pas. Vous vous engagez par ailleurs \u00e0 ne pas adresser ou transmettre des textes ou images contraires \u00e0 la loi, ou susceptibles de choquer la sensibilit\u00e9, notamment par un contenu haineux, pornographique, ou incitatif \u00e0 des comportements du m\u00eame ordre. Loic Lavandier se r\u00e9serve le droit de prendre toute mesure, ou d\u2019engager toute action qu\u2019elle estime n\u00e9cessaire au cas o\u00f9 son Site serait utilis\u00e9 pour diffuser des \u00e9l\u00e9ments de cette nature. Nous vous informons que le Site est soumis au droit fran\u00e7ais, aux juridictions fran\u00e7aises et qu\u2019il a pour langue officielle le fran\u00e7ais.<\/p>\n\n\n\n<p><strong>Propri\u00e9t\u00e9 intellectuelle<br><\/strong>Le Site et chacun des \u00e9l\u00e9ments qui le composent (les marques, graphismes, photographies\u2026) rel\u00e8vent de la l\u00e9gislation fran\u00e7aise et internationale notamment celle relative au droit d\u2019auteur, aux bases de donn\u00e9es et \u00e0 la propri\u00e9t\u00e9 intellectuelle, en particulier, la marque \u00ab\u00a0Loic Lavandier\u00bb et son logo. Toutes les autres marques cit\u00e9es sont la propri\u00e9t\u00e9 de leurs titulaires respectifs. Toute reproduction, repr\u00e9sentation, publication, transmission, ou plus g\u00e9n\u00e9ralement toute exploitation non autoris\u00e9e du Site et\/ou de ses \u00e9l\u00e9ments engage votre responsabilit\u00e9 et est susceptible d\u2019entra\u00eener des poursuites judiciaires, notamment pour contrefa\u00e7on.<\/p>\n\n\n\n<p><strong>Responsabilit\u00e9<br><\/strong>Le Site peut contenir des liens vers d\u2019autres sites que nous n\u2019exploitons pas. Nous ne pouvons en aucune mani\u00e8re \u00eatre tenus responsables de la mise \u00e0 disposition de ces liens permettant l\u2019acc\u00e8s \u00e0 ces sites et sources externes, et ne pouvons supporter aucune responsabilit\u00e9 quant au contenu, publicit\u00e9s, produits, services ou tout autre mat\u00e9riel disponible sur ou \u00e0 partir de ces sites ou sources externes qui ne sont ni v\u00e9rifi\u00e9es ni approuv\u00e9es par nos \u00e9quipes. Nous nous engageons \u00e0 assurer nos meilleurs efforts pour offrir des informations actualis\u00e9es et exactes. Cependant, nous ne saurions \u00eatre tenus pour responsables d\u2019erreurs, d\u2019omissions ou des r\u00e9sultats qui pourraient \u00eatre obtenus par un mauvais usage de ces informations. Nous nous r\u00e9servons le droit de les corriger, d\u00e8s que ces erreurs sont port\u00e9es \u00e0 notre connaissance et, plus g\u00e9n\u00e9ralement, de modifier, \u00e0 tout moment, sans pr\u00e9avis, tout ou partie du Site ainsi que ses conditions d\u2019utilisation, sans que notre responsabilit\u00e9 puisse \u00eatre engag\u00e9e de ce fait. Le t\u00e9l\u00e9chargement de tous mat\u00e9riels lors de l\u2019utilisation du service sera \u00e0 vos risques et p\u00e9rils. Vous serez seul responsable pour tout dommage subi par votre ordinateur ou toutes pertes de donn\u00e9es cons\u00e9cutives \u00e0 ce t\u00e9l\u00e9chargement. Plus g\u00e9n\u00e9ralement, Loic Lavandier ne pourra en aucun cas \u00eatre responsable en cas de dommages directs et\/ou indirects r\u00e9sultant de l\u2019utilisation de ce Site.<\/p>\n\n\n\n<p><strong>Cookies<br><\/strong>L\u2019utilisateur est inform\u00e9 que lors de ses visites sur le Site, un cookie peut s\u2019installer automatiquement sur son logiciel de navigation. Un cookie est un \u00e9l\u00e9ment qui ne permet pas d\u2019identifier l\u2019utilisateur mais sert \u00e0 enregistrer des informations relatives \u00e0 la navigation de celui-ci sur le Site. Chaque utilisateur est libre d\u2019accepter ou de refuser les cookies en configurant son navigateur (d\u00e9sactivation de tout ou partie des cookies \u2013 voir manuel du navigateur Web ou fonction d\u2019aide). La d\u00e9sactivation des cookies peut entra\u00eener l\u2019indisponibilit\u00e9 de certains services de ce Site.<\/p>\n\n\n\n<p><strong>Contenus et outils<br><\/strong>Loic Lavandier ne propose aucune garantie quant \u00e0 la fiabilit\u00e9 ou au fonctionnement de ce service. Loic Lavandier ne peut en aucun cas \u00eatre tenu pour responsable de tous dommages quels qu\u2019ils soient, y compris mais non de fa\u00e7on limitative, des dommages directs, indirects, accessoires ou incidents, des pertes de b\u00e9n\u00e9fices ou de l\u2019interruption d\u2019activit\u00e9, r\u00e9sultant de l\u2019utilisation ou de l\u2019impossibilit\u00e9 d\u2019utilisation de ce service.<\/p>\n","protected":false},"excerpt":{"rendered":"<p>\u00c9diteur \u00c9diteur : SCALEVISION Siret\u00a0: 89935519200019 immatriculation au registre du commerce et des soci\u00e9t\u00e9s Si\u00e8ge social :\u00a069006 Lyon FRANCE Directeur de la publication : Loic lavandier H\u00e9bergeur : OVH \u2013 2 rue Kellermann \u2013 59100 Roubaix \u2013 France Mentions l\u00e9galesLe pr\u00e9sent document constitue les conditions g\u00e9n\u00e9rales d\u2019utilisation du site accessible sous l\u2019adresse \u00ab\u00a0https:\/\/www.coaching-loic.com\u00a0\u00bb (ci-apr\u00e8s d\u00e9nomm\u00e9 [&hellip;]<\/p>\n","protected":false},"author":1,"featured_media":0,"parent":0,"menu_order":0,"comment_status":"closed","ping_status":"closed","template":"","meta":{"_et_pb_use_builder":"off","_et_pb_old_content":"","_et_gb_content_width":""},"yoast_head":"<!-- This site is optimized with the Yoast SEO plugin v17.6 - https:\/\/yoast.com\/wordpress\/plugins\/seo\/ -->\n<title>MENTIONS LEGALES - Coaching Loic Lavandier - Lyon<\/title>\n<meta name=\"robots\" content=\"index, follow, max-snippet:-1, max-image-preview:large, max-video-preview:-1\" \/>\n<link rel=\"canonical\" href=\"https:\/\/coaching-loic.com\/index.php\/mentions-legales\/\" \/>\n<meta property=\"og:locale\" content=\"en_US\" \/>\n<meta property=\"og:type\" content=\"article\" \/>\n<meta property=\"og:title\" content=\"MENTIONS LEGALES - Coaching Loic Lavandier - Lyon\" \/>\n<meta property=\"og:description\" content=\"\u00c9diteur \u00c9diteur : SCALEVISION Siret\u00a0: 89935519200019 immatriculation au registre du commerce et des soci\u00e9t\u00e9s Si\u00e8ge social :\u00a069006 Lyon FRANCE Directeur de la publication : Loic lavandier H\u00e9bergeur : OVH \u2013 2 rue Kellermann \u2013 59100 Roubaix \u2013 France Mentions l\u00e9galesLe pr\u00e9sent document constitue les conditions g\u00e9n\u00e9rales d\u2019utilisation du site accessible sous l\u2019adresse \u00ab\u00a0https:\/\/www.coaching-loic.com\u00a0\u00bb (ci-apr\u00e8s d\u00e9nomm\u00e9 [&hellip;]\" \/>\n<meta property=\"og:url\" content=\"https:\/\/coaching-loic.com\/index.php\/mentions-legales\/\" \/>\n<meta property=\"og:site_name\" content=\"Coaching Loic Lavandier - Lyon\" \/>\n<meta property=\"article:modified_time\" content=\"2022-02-17T10:09:38+00:00\" \/>\n<meta name=\"twitter:card\" content=\"summary_large_image\" \/>\n<meta name=\"twitter:label1\" content=\"Est. reading time\" \/>\n\t<meta name=\"twitter:data1\" content=\"3 minutes\" \/>\n<script type=\"application\/ld+json\" class=\"yoast-schema-graph\">{\"@context\":\"https:\/\/schema.org\",\"@graph\":[{\"@type\":\"WebSite\",\"@id\":\"https:\/\/coaching-loic.com\/#website\",\"url\":\"https:\/\/coaching-loic.com\/\",\"name\":\"Coaching Loic Lavandier - Lyon\",\"description\":\"Coaching Sportif \\u00e0 Domicile\",\"potentialAction\":[{\"@type\":\"SearchAction\",\"target\":{\"@type\":\"EntryPoint\",\"urlTemplate\":\"https:\/\/coaching-loic.com\/?s={search_term_string}\"},\"query-input\":\"required name=search_term_string\"}],\"inLanguage\":\"en-US\"},{\"@type\":\"WebPage\",\"@id\":\"https:\/\/coaching-loic.com\/index.php\/mentions-legales\/#webpage\",\"url\":\"https:\/\/coaching-loic.com\/index.php\/mentions-legales\/\",\"name\":\"MENTIONS LEGALES - Coaching Loic Lavandier - Lyon\",\"isPartOf\":{\"@id\":\"https:\/\/coaching-loic.com\/#website\"},\"datePublished\":\"2022-02-17T10:09:37+00:00\",\"dateModified\":\"2022-02-17T10:09:38+00:00\",\"breadcrumb\":{\"@id\":\"https:\/\/coaching-loic.com\/index.php\/mentions-legales\/#breadcrumb\"},\"inLanguage\":\"en-US\",\"potentialAction\":[{\"@type\":\"ReadAction\",\"target\":[\"https:\/\/coaching-loic.com\/index.php\/mentions-legales\/\"]}]},{\"@type\":\"BreadcrumbList\",\"@id\":\"https:\/\/coaching-loic.com\/index.php\/mentions-legales\/#breadcrumb\",\"itemListElement\":[{\"@type\":\"ListItem\",\"position\":1,\"name\":\"Accueil\",\"item\":\"https:\/\/coaching-loic.com\/\"},{\"@type\":\"ListItem\",\"position\":2,\"name\":\"MENTIONS LEGALES\"}]}]}<\/script>\n<!-- \/ Yoast SEO plugin. -->","yoast_head_json":{"title":"MENTIONS LEGALES - Coaching Loic Lavandier - Lyon","robots":{"index":"index","follow":"follow","max-snippet":"max-snippet:-1","max-image-preview":"max-image-preview:large","max-video-preview":"max-video-preview:-1"},"canonical":"https:\/\/coaching-loic.com\/index.php\/mentions-legales\/","og_locale":"en_US","og_type":"article","og_title":"MENTIONS LEGALES - Coaching Loic Lavandier - Lyon","og_description":"\u00c9diteur \u00c9diteur : SCALEVISION Siret\u00a0: 89935519200019 immatriculation au registre du commerce et des soci\u00e9t\u00e9s Si\u00e8ge social :\u00a069006 Lyon FRANCE Directeur de la publication : Loic lavandier H\u00e9bergeur : OVH \u2013 2 rue Kellermann \u2013 59100 Roubaix \u2013 France Mentions l\u00e9galesLe pr\u00e9sent document constitue les conditions g\u00e9n\u00e9rales d\u2019utilisation du site accessible sous l\u2019adresse \u00ab\u00a0https:\/\/www.coaching-loic.com\u00a0\u00bb (ci-apr\u00e8s d\u00e9nomm\u00e9 [&hellip;]","og_url":"https:\/\/coaching-loic.com\/index.php\/mentions-legales\/","og_site_name":"Coaching Loic Lavandier - Lyon","article_modified_time":"2022-02-17T10:09:38+00:00","twitter_card":"summary_large_image","twitter_misc":{"Est. reading time":"3 minutes"},"schema":{"@context":"https:\/\/schema.org","@graph":[{"@type":"WebSite","@id":"https:\/\/coaching-loic.com\/#website","url":"https:\/\/coaching-loic.com\/","name":"Coaching Loic Lavandier - Lyon","description":"Coaching Sportif \u00e0 Domicile","potentialAction":[{"@type":"SearchAction","target":{"@type":"EntryPoint","urlTemplate":"https:\/\/coaching-loic.com\/?s={search_term_string}"},"query-input":"required name=search_term_string"}],"inLanguage":"en-US"},{"@type":"WebPage","@id":"https:\/\/coaching-loic.com\/index.php\/mentions-legales\/#webpage","url":"https:\/\/coaching-loic.com\/index.php\/mentions-legales\/","name":"MENTIONS LEGALES - Coaching Loic Lavandier - Lyon","isPartOf":{"@id":"https:\/\/coaching-loic.com\/#website"},"datePublished":"2022-02-17T10:09:37+00:00","dateModified":"2022-02-17T10:09:38+00:00","breadcrumb":{"@id":"https:\/\/coaching-loic.com\/index.php\/mentions-legales\/#breadcrumb"},"inLanguage":"en-US","potentialAction":[{"@type":"ReadAction","target":["https:\/\/coaching-loic.com\/index.php\/mentions-legales\/"]}]},{"@type":"BreadcrumbList","@id":"https:\/\/coaching-loic.com\/index.php\/mentions-legales\/#breadcrumb","itemListElement":[{"@type":"ListItem","position":1,"name":"Accueil","item":"https:\/\/coaching-loic.com\/"},{"@type":"ListItem","position":2,"name":"MENTIONS LEGALES"}]}]}},"_links":{"self":[{"href":"https:\/\/coaching-loic.com\/index.php\/wp-json\/wp\/v2\/pages\/483"}],"collection":[{"href":"https:\/\/coaching-loic.com\/index.php\/wp-json\/wp\/v2\/pages"}],"about":[{"href":"https:\/\/coaching-loic.com\/index.php\/wp-json\/wp\/v2\/types\/page"}],"author":[{"embeddable":true,"href":"https:\/\/coaching-loic.com\/index.php\/wp-json\/wp\/v2\/users\/1"}],"replies":[{"embeddable":true,"href":"https:\/\/coaching-loic.com\/index.php\/wp-json\/wp\/v2\/comments?post=483"}],"version-history":[{"count":1,"href":"https:\/\/coaching-loic.com\/index.php\/wp-json\/wp\/v2\/pages\/483\/revisions"}],"predecessor-version":[{"id":484,"href":"https:\/\/coaching-loic.com\/index.php\/wp-json\/wp\/v2\/pages\/483\/revisions\/484"}],"wp:attachment":[{"href":"https:\/\/coaching-loic.com\/index.php\/wp-json\/wp\/v2\/media?parent=483"}],"curies":[{"name":"wp","href":"https:\/\/api.w.org\/{rel}","templated":true}]}}